). Suppose 3*g - 56 = -4*g. What is the highest common divisor of n and g?
8
Let r(p) = -19*p - 1. Let n(v) = 38*v + 1. Let i(h) = 3*n(h) + 5*r(h). Let m be i(2). What is the greatest common divisor of m and 9?
9
Suppose -57 = -2*i - 9. Suppose -4*a = -3*a - i. Let m(p) = p**2 - 3*p - 2. Let n be m(5). What is the greatest common factor of n and a?
8
Let v = 374 - 176. Let x = -631 + 649. What is the greatest common divisor of x and v?
18
Let h = -47 + 64. Let s(o) = o**2 - 11*o + 7. Let y(l) = 3*l + 9. Let g be y(-6). Let a be s(g). Calculate the highest common divisor of a and h.
17
Let q = 2 - -10. Suppose 2654 = 21*x - 1378. What is the greatest common factor of q and x?
12
Let d(i) = 263*i**2 + 6*i + 4. Let y be d(-1). Calculate the greatest common divisor of 174 and y.
87
Let s be 1/2 - (-45)/18. Suppose -4*f + 29 = -s*f. What is the highest common divisor of 232 and f?
29
Let p be (-26)/(-4)*(6 - 2). Suppose h = 3*t - 83, 0*t - t + 46 = -4*h. What is the greatest common factor of t and p?
26
Let h(q) = 24*q. Let f be h(3). Suppose -17 = -3*k - o - 0*o, k + 5*o - 29 = 0. Suppose -k*i + 42 = 6. What is the greatest common divisor of i and f?
9
Suppose -17*t + 1232 = 11*t. Calculate the highest common factor of t and 1276.
44
Suppose -252 = -4*i - w, 3*i = 2*i + 4*w + 80. Calculate the highest common factor of i and 224.
32
Suppose -11*y + 172 = -7*y. Suppose 3*p = -3, -p + 2*p = -4*c + y. What is the greatest common factor of 11 and c?
11
Let h = 1013 - 961. Let o be 938/12 + (-2)/12. Calculate the highest common factor of o and h.
26
Let k = 185 - 264. Let c = 117 + k. Let n be -1 + (1 - 1) + 58. What is the highest common divisor of c and n?
19
Let d(u) = -5*u - 2. Let c be d(-2). Let n be c/14*(-35)/(-10). Let y(o) = 8*o - 38. Let j be y(6). What is the greatest common divisor of j and n?
2
Let l(w) = -w**2 + 9*w. Let v be 0 + 3 + 10/2. Let b be l(v). Suppose z + 0*z = -d + b, -36 = -4*z - 5*d. Calculate the highest common factor of 10 and z.
2
Let g = -134 - -190. Calculate the highest common factor of 8 and g.
8
Suppose -28 = y + 2*n + 2*n, -4*n - 4 = -2*y. Let h be 18/y*48/(-18). Let z = h + 24. Calculate the highest common divisor of 10 and z.
10
Suppose 0 = -7*j + 2*j - 4*y + 310, -j + 62 = 2*y. Suppose -j + 568 = 2*o. Calculate the highest common factor of o and 23.
23
Let r(y) = y**2 + 10*y + 19. Let a be r(-8). Suppose -71 = -4*j + f, 2 = -f + a. Calculate the highest common factor of j and 9.
9
Let n be (1 + -1 + -102)/(-2). Suppose -t + n + 21 = 0. Suppose -t = c - 5*c. What is the highest common factor of 12 and c?
6
Let k(t) = 7*t - 23*t**3 + 2*t**2 - 4*t - 2*t - 25*t**3. Let l be k(-1). Calculate the highest common factor of 7 and l.
7
Let w(f) = -f**2 - 9*f + 19. Let o be w(-9). Let m = 25 + o. What is the greatest common factor of m and 88?
44
Let t = 55 - 11. What is the highest common factor of t and 33?
11
Let k = 80 - 51. Suppose -3*v + 5*v = 232. What is the highest common factor of k and v?
29
Let f = -340 + 202. Let a = f + 155. Let i be (-118)/(-2 - -1) + 1. What is the greatest common factor of a and i?
17
Let f be ((-36)/(-27))/(2/(-27)). Let y = 21 + f. Suppose a - y*a = -200. What is the greatest common divisor of 20 and a?
20
Let c = -687 - -717. Calculate the greatest common factor of 200 and c.
10
Let i = -692 + 846. Suppose -4*r = -6*r + 44. Calculate the greatest common divisor of r and i.
22
Let z be (-15)/(-2)*(-16)/(-6). Let w(j) = -j**2 + 4*j. Let v(p) = p - 1. Let d be v(3). Let g be w(d). Calculate the highest common divisor of z and g.
4
Let l = 180 + -140. Suppose -5*o - 3 = 12, 2*x - 255 = 5*o. What is the highest common divisor of l and x?
40
Let z(v) = 5*v**2 + 12*v + 7. Let d(w) = 6*w**2 + 13*w + 8. Let n(o) = -3*d(o) + 4*z(o). Let x be n(7). Calculate the greatest common divisor of x and 15.
15
Let d = -10 - -20. Let n(w) = -3*w**3 + 12*w**2 - 11*w - 5*w + 14 + 2*w**3. Let s be n(d). Calculate the greatest common factor of s and 18.
18
Let b = -1 - 4. Let g = 7 + b. Suppose r - g*c - 30 = 0, -3*r - 2*r = -5*c - 135. What is the highest common factor of r and 8?
8
Let a = 42 - 61. Let f be a*(2/5 - 21/15). Calculate the highest common divisor of 19 and f.
19
Suppose -2*k + 5*f = -121, 2*f - 50 = -k + f. Let y = -95 - -63. Let z = y + k. Calculate the greatest common factor of 210 and z.
21
Let x = 4214 + -2472. What is the greatest common divisor of 26 and x?
26
Suppose 60 = 6*s - 282. Calculate the greatest common divisor of s and 19.
19
Suppose -984 = 7*j - 6381. Suppose 0*q = -q - 3, -2*q = -5*d + j. Calculate the highest common divisor of d and 17.
17
Let v be -3 - 2/(2/(-5)). Suppose 3*b = b, -2 = -v*p - b. Let f be p/(((-6)/(-3))/18). Calculate the greatest common factor of f and 63.
9
Suppose -3*h + f = -26, 0*h = -2*h - f + 9. Let g = -1 + h. Calculate the greatest common factor of 1 and g.
1
Let x = 574 - 539. Calculate the greatest common factor of x and 20.
5
Let i(r) = 8*r**2 + 2*r. Let d be i(1). Let l be (-2)/(-4) + 15/d. Suppose 2*v = 5*z + 26, z + 4*z - 46 = -2*v. Calculate the highest common divisor of l and v.
2
Let a(w) = w**2 + 7*w + 5. Let v be a(-8). Suppose 257 - 725 = -v*z. Let f(g) = 5*g**2 + g. Let p be f(-1). What is the greatest common divisor of z and p?
4
Let v(a) = 38*a - 461. Let i be v(26). What is the greatest common factor of i and 93?
31
Let a = 200 - 197. What is the greatest common divisor of a and 48?
3
Suppose 17*g + 564 = 29*g. What is the highest common divisor of g and 376?
47
Let c be (-22)/(-44) - (-1115)/10. Calculate the greatest common divisor of c and 28.
28
Suppose -21 = -2*l + 15. Suppose 0 = 5*h - 28 - 2. What is the highest common divisor of h and l?
6
Suppose 4*x - 2*d = 28, 0 = -d - 3 + 1. Suppose x*p - 2*p = -i + 28, 0 = -4*p + 16. Suppose -16*n = -48 - 144. What is the greatest common factor of n and i?
12
Let j = 4 - -11. Let f(d) = -2*d**3 - 15*d**2 - 8*d - 6. Let p be f(-7). Suppose -p = -5*k + 74. Calculate the greatest common divisor of k and j.
15
Let x(k) = 376*k - 376*k + 5*k**2. Let m be x(-1). Calculate the highest common divisor of m and 5.
5
Let p = 446 - -404. What is the greatest common divisor of p and 136?
34
Let t(k) = -k**3 + k**2. Let x be t(1). Suppose -y + x*y + 25 = 0. Let n = y + 40. Calculate the highest common factor of 13 and n.
13
Let v = -108 + 437. Suppose -7 = -7*q + v. Calculate the highest common divisor of 3 and q.
3
Let b = 120 - 36. Let k be (-166)/(-14) - (-12)/84. What is the greatest common factor of b and k?
12
Let i(q) = -q**2 - 55*q - 164. Let w be i(-51). Calculate the highest common factor of 540 and w.
20
Let k = 19 + -13. Let m be k/(-12)*0/(-3). Suppose -13*r + 14*r - 3 = m. What is the highest common divisor of 24 and r?
3
Let s be ((-180)/15)/((-4)/6). Suppose -s*a + 120 = 30. What is the highest common factor of 65 and a?
5
Let s(d) = d**3 - 4*d**2 - d + 1102. Let l be s(0). Calculate the highest common divisor of l and 58.
58
Suppose 0 = 4*b - 19 + 7. Suppose b*v - 363 = -0*v. Calculate the highest common divisor of 11 and v.
11
Let d = -7 - -2. Let w = d + 5. Suppose 2*t = 5*u + t - 81, 3*u + 5*t - 71 = w. Calculate the highest common divisor of 68 and u.
17
Suppose 29*x - 31*x - 956 = -2*m, -12 = -4*x. What is the highest common factor of 13 and m?
13
Let z = 45 + -50. Let u(i) = i**3 + 7*i**2 - i - 19. Let k be u(z). Calculate the greatest common factor of k and 90.
18
Suppose 4032 = 2*w + 7*w. What is the highest common divisor of w and 168?
56
Suppose -10*t - 9*t + 912 = 0. What is the highest common divisor of t and 36?
12
Suppose 83 = -4*l - i + 615, -3*l + 5*i + 422 = 0. Let m = l + -80. Calculate the highest common divisor of m and 6.
6
Let k(n) = 21*n + 5. Let g be k(3). Let s be 1343/g + 2/8*1. Let f = 48 + 2. Calculate the highest common factor of s and f.
10
Suppose 2*y + 72 = 2*o, 0 = 184*o - 181*o - 2*y - 107. What is the greatest common factor of 5 and o?
5
Let m = 49 + -29. Let d be 24/(-10)*3/((-9)/m). Calculate the highest common divisor of 56 and d.
8
Suppose c + c - 54 = -5*r, 2 = -r. Let i be 1*16/(-80)*(0 - 5). Suppose 5*d = -m - i + c, 3*d - 2*m = 29. Calculate the greatest common divisor of d and 7.
7
Suppose 5*q = -0*q + 105. Suppose 0 = -3*r + 4*r - 4. Sup